Is 73433 composite?
False
Is 299087 a prime number?
True
Is 5021 a composite number?
False
Is 1093471 a composite number?
True
Is 62117 composite?
True
Is 774415 a prime number?
False
Is 472847 a prime number?
True
Is 7897 a prime number?
False
Is 9863 composite?
True
Is 9407 composite?
True
Is 26801 a prime number?
True
Is 5779 composite?
False
Is 1385 composite?
True
Is 1467347 a prime number?
False
Is 507973 prime?
False
Is 9383 a composite number?
True
Is 2987 prime?
False
Is 5989 prime?
False
Is 19658 prime?
False
Is 327553 composite?
False
Is 60127 composite?
False
Is 4685 composite?
True
Is 176699 composite?
False
Is 1843 a prime number?
False
Is 3907 a prime number?
True
Is 28321 a composite number?
True
Is 1551551 composite?
False
Is 35381 prime?
True
Is 19961 composite?
False
Is 911429 composite?
True
Is 112399 composite?
True
Is 25861 a composite number?
True
Is 136013 prime?
True
Is 2073 a prime number?
False
Is 2228029 a composite number?
True
Is 311 a prime number?
True
Is 23459 a prime number?
True
Is 26521 a prime number?
False
Is 240821 prime?
False
Is 98437 composite?
True
Is 12799 a composite number?
False
Is 56873 prime?
True
Is 3287 a composite number?
True
Is 10993 prime?
True
Is 5001101 composite?
True
Is 907993 composite?
True
Is 877 a composite number?
False
Is 116113 a composite number?
False
Is 1892617 a prime number?
True
Is 2735 a prime number?
False
Is 8767 a prime number?
False
Is 36753 prime?
False
Is 825691 a prime number?
False
Is 65323 a prime number?
True
Is 38431 composite?
False
Is 1177 a prime number?
False
Is 57593 composite?
False
Is 16087 a composite number?
False
Is 2721 a composite number?
True
Is 583 composite?
True
Is 84647 prime?
False
Is 56453 a prime number?
True
Is 19945 a prime number?
False
Is 101683 a composite number?
True
Is 774577 a composite number?
False
Is 4847 prime?
False
Is 195229 prime?
True
Is 27257 a prime number?
False
Is 82439 a composite number?
True
Is 5747 composite?
True
Is 17467 prime?
True
Is 13441 composite?
False
Is 77299 a composite number?
True
Is 15089 a composite number?
True
Is 15401 composite?
False
Is 1103 prime?
True
Is 65153 composite?
True
Is 899485 a composite number?
True
Is 9509 a composite number?
True
Is 615371 a composite number?
True
Is 229069 composite?
True
Is 2200139 composite?
False
Is 1255 a composite number?
True
Is 82457 composite?
False
Is 110681 a composite number?
False
Is 651791 prime?
False
Is 626113 a composite number?
False
Is 5087 a prime number?
True
Is 35051 a composite number?
False
Is 350195 composite?
True
Is 1259 prime?
True
Is 19471 a prime number?
True
Is 171517 prime?
True
Is 268607 a composite number?
False
Is 8101 a composite number?
False
Is 251 composite?
False
Is 5461 composite?
True
Is 795827 prime?
True
Is 140383 composite?
True
Is 57053 a composite number?
True
Is 386963 a prime number?
True
Is 87199 a prime number?
False
Is 5438479 prime?
True
Is 1076303 a prime number?
True
Is 325339 a prime number?
False
Is 345011 prime?
True
Is 55771 prime?
False
Is 92693 a prime number?
True
Is 3457 a composite number?
False
Is 803251 composite?
False
Is 5332165 composite?
True
Is 21181 prime?
False
Is 158411 a prime number?
False
Is 4907 a prime number?
False
Is 42709 a composite number?
False
Is 786859 a composite number?
False
Is 12439 a prime number?
False
Is 1985 prime?
False
Is 345041 composite?
False
Is 4811513 a prime number?
False
Is 402299 composite?
False
Is 165251 composite?
True
Is 19661 a composite number?
False
Is 2479 composite?
True
Is 567583 composite?
True
Is 407129 prime?
False
Is 831323 a composite number?
False
Is 73961 composite?
False
Is 10511 composite?
True
Is 325181 a composite number?
False
Is 8353 prime?
True
Is 288641 a prime number?
False
Is 128581 prime?
False
Is 473021 a prime number?
True
Is 6387 prime?
False
Is 202441 prime?
True
Is 14281 composite?
False
Is 25061 a composite number?
True
Is 2333 prime?
True
Is 13549 prime?
False
Is 8497 prime?
False
Is 4078 a prime number?
False
Is 15859 a prime number?
True
Is 31091 a prime number?
True
Is 1491449 a composite number?
False
Is 15727 prime?
True
Is 37535 prime?
False
Is 619499 a composite number?
True
Is 334363 prime?
True
Is 10299 prime?
False
Is 679 a prime number?
False
Is 53731 a composite number?
False
Is 904369 a prime number?
True
Is 51257 a prime number?
True
Is 14123 composite?
True
Is 3077 composite?
True
Is 22471 a composite number?
True
Is 15373 a composite number?
False
Is 554711 a composite number?
False
Is 3599 a prime number?
False
Is 3509221 a prime number?
True
Is 254647 composite?
False
Is 3989 composite?
False
Is 43933 a composite number?
False
Is 14963 prime?
False
Is 13017 a prime number?
False
Is 18191 prime?
True
Is 1814657 a composite number?
True
Is 8741 composite?
False
Is 48937 prime?
False
Is 1887917 a composite number?
False
Is 378313 a composite number?
True
Is 450611 composite?
True
Is 30763 composite?
False
Is 6547 prime?
True
Is 214301 composite?
True
Is 601541 composite?
False
Is 31399 prime?
False
Is 117877 a composite number?
False
Is 58649 prime?
False
Is 41326 a composite number?
True
Is 281621 a prime number?
True
Is 1207 composite?
True
Is 2051 a prime number?
False
Is 78382 composite?
True
Is 907087 composite?
True
Is 3299 a prime number?
True
Is 23601 composite?
True
Is 23803 composite?
True
Is 3127 a composite number?
True
Is 371027 a prime number?
True
Is 19373 prime?
True
Is 456017 a prime number?
False
Is 444595 composite?
True
Is 304897 prime?
True
Is 4265 a prime number?
False
Is 21587 prime?
True
Is 5263 a prime number?
False
Is 324223 composite?
False
Is 839 composite?
False
Is 33622 prime?
False
Is 26651 a composite number?
True
Is 892421 composite?
False
Is 3317 prime?
False
Is 41677 a prime number?
False
Is 34583 composite?
False
Is 431491 prime?
False
Is 136501 prime?
True
Is 6607 a prime number?
True
Is 2411 a composite number?
False
Is 867571 a composite number?
False
Is 8923 prime?
True
Is 124715 composite?
True
Is 159 a composite number?
True
Is 6247 a prime number?
True
Is 1131785 a composite number?
True
Is 1783 a prime number?
True
Is 23719 a prime number?
True
Is 14507 a prime number?
False
Is 571237 a composite number?
True
Is 7613 composite?
True
Is 25561 composite?
False
Is 3337 a composite number?
True
Is 46051 a prime number?
True
Is 196519 composite?
False
Is 2948839 prime?
True
Is 28277 composite?
False
Is 793129 a composite number?
False
Is 8059 a prime number?
True
Is 33707 a prime number?
False
Is 147739 prime?
True
Is 148513 a composite number?
False
Is 56849 composite?
True
Is 14419 a prime number?
True
Is 10973 a composite number?
False
Is 6614 a composite number?
True
Is 1531 a composite number?
False
Is 397571 composite?
True
Is 366683 a composite number?
False
Is 24443 a composite number?
False
Is 52489 a prime number?
True
Is 476443 a prime number?
False
Is 402431 a prime number?
False
Is 94969 a prime number?
False
Is 4851869 a composite number?
True
Is 3631 composite?
False
Is 10607 a prime number?
True
Is 79621 composite?
False
Is 1430101 prime?
False
Is 373579 a prime number?
False
Is 608935 prime?
False
Is 87479 a composite number?
True
Is 2777 a composite number?
False
Is 66161 composite?
False
Is 130943 prime?
False
Is 2484565 prime?
False
Is 14743 composite?
True
Is 2521 prime?
True
Is 301879 a composite number?
True
Is 654639 a prime number?
False
Is 85661 a prime number?
True
Is 182027 prime?
True
Is 7841 a prime number?
True
Is 6599 a prime number?
True
Is 42533 a composite number?
False
Is 92893 a prime number?
True
Is 22497 composite?
True
Is 655897 a composite number?
True
Is 12787 prime?
False
Is 391789 a prime number?
True
Is 624499 a composite number?
True
Is 1388743 prime?
True
Is 75093 a composite number?
True
Is 11797 prime?
False
Is 17657 prime?
True
Is 381419 a composite number?
False
Is 59227 a composite number?
True
Is 4861 a prime number?
True
Is 9565 a prime number?
False
Is 20897 a prime number?
True
Is 83831 composite?
True
Is 132477 prime?
False
Is 20077 a composite number?
True
Is 14349 composite?
True
Is 8593 a prime number?
False
Is 162751 prime?
True
Is 310861 a composite number?
False
Is 2824259 composite?
False
Is 18517 a composite